-2*f + 2*q. List the prime factors of f.
7, 19
Suppose 9*w - 85 = 4*w. Suppose -15 - w = -2*v. List the prime factors of 1/(1 + v/(-17)).
17
Suppose 3*y - 5*c = 1, -2*y = 2*y + 3*c - 11. Suppose -114 = y*z - 7*z - 3*h, 5*h - 36 = -z. What are the prime factors of z?
3, 7
Let k = 176 - 277. Let c = 212 + k. What are the prime factors of c?
3, 37
Suppose -3*f - 3*p + 0*p + 783 = 0, -3*f - 2*p = -786. What are the prime factors of f?
2, 3, 11
Let c(i) = i**2 - 2*i + 1. Let v be ((-15)/(-9))/(-5)*-9. Let r be c(v). Suppose r*f + 40 = 8*f. List the prime factors of f.
2, 5
What are the prime factors of -5 + 14/21*180?
5, 23
Suppose 0 = -c + s + 19, c - 5*s - 79 = -3*c. Suppose 5*j = 2*b + c, -4*b + 0*b + j - 14 = 0. List the prime factors of ((-205)/10)/(b/6).
41
Let d = 100 + -203. Let o = -87 - d. What are the prime factors of o?
2
Let v(g) = 1 + 111*g - 45*g**3 - 52*g - 60*g. List the prime factors of v(-1).
47
Let u be 84/39 + 8/(-52). Suppose 0 = u*g + 4*b - 168, b + 2 = 7. List the prime factors of g.
2, 37
Suppose 16*t = 40033 - 12321. List the prime factors of t.
2, 433
Let w = 5 + -45. What are the prime factors of (-4 + 0)*(-4 + w) + -2?
2, 3, 29
Let g = -4676 + 6762. What are the prime factors of g?
2, 7, 149
Suppose q - l - 5 = 0, 3*q + 4 - 29 = 5*l. Suppose 2*n - 5*b - 148 = q, b + 2*b = -5*n + 432. List the prime factors of n.
2, 3, 7
Let m(s) = 2*s**3 - 14*s**2 + 9*s - 3. Let r be m(7). Suppose 2*x - 4*x - 259 = -3*k, -172 = -2*k + 2*x. Let t = k - r. What are the prime factors of t?
3
Suppose 0 = -6*h + 2*h + 2504. Suppose 4*k = 4*c - 368, -4*c + h = 5*k + 240. Let j = c - 65. What are the prime factors of j?
29
Let y = 30 + -40. Let h(u) = -24*u + 10. What are the prime factors of h(y)?
2, 5
Let p be 20/14*(4 - -3). Suppose 2*r - 17 = -w, -5*r + 3 = -2*w - 17. List the prime factors of 32 + (-5)/(p/r).
29
Let k = -56 + 61. Let h(d) = -d + 10. Let q be h(6). Suppose 0 = -y - p + 35, 0 = 5*y - q*y - k*p - 11. List the prime factors of y.
31
Let w = 4541 + -2522. What are the prime factors of w?
3, 673
List the prime factors of (-2001 + 1 + 3)*-1.
1997
Let s(y) = -y + 8. Let r be s(4). List the prime factors of 648/r*(-1)/2*-2.
2, 3
Suppose 3*c = -12, 2*c = -3*x - c + 2670. What are the prime factors of x?
2, 3, 149
Let p = -5306 + 9748. List the prime factors of p.
2, 2221
Let i(x) = -x**3 - 8*x**2 - 14*x + 82. What are the prime factors of i(-14)?
2, 727
Let m(k) = 5*k**3 - 4*k**2 - 8. What are the prime factors of m(4)?
2, 31
List the prime factors of (-9 - -11)/((-3)/9843*-1).
2, 17, 193
Suppose 0 = -p + 3*y + 257, 9*y + 510 = 2*p + 4*y. What are the prime factors of p?
5, 7
Let q be (-107)/((-5)/30 + 1/(-3)). Let x = 344 + -495. Let d = q + x. What are the prime factors of d?
3, 7
Let f(s) = s**3 + 16*s**2 + 11*s - 57. What are the prime factors of f(-11)?
7, 61
Let s(u) = u**2 - 7*u + 7. Let n be s(16). Let b = n + -85. What are the prime factors of b?
2, 3, 11
Let p(x) = 4661*x**2 - 201*x - 202. What are the prime factors of p(-1)?
2, 5, 233
Let j(x) = x**3 + 8*x**2 + 3*x - 3. Let n be j(-7). Let u = 57 + n. List the prime factors of u.
2, 41
Let u be 4 + -1 + (0 - -3). Let d(g) = -14*g + 14. Let y be d(u). Let o = -44 - y. What are the prime factors of o?
2, 13
Let n(i) = -46 - 3*i + 4 + 2*i + 3*i. What are the prime factors of n(22)?
2
Suppose t = -2*a + 3, 4*a = -a - 5*t. Suppose 8*z - a*z = 85. Let j = z - 9. List the prime factors of j.
2
Let f be (-4)/(-12)*-3 - -4. Suppose -5*v + 2*x = -146, -2*v + 62 = -f*x + 4*x. List the prime factors of v.
2, 3, 5
Let z = -19 + -198. Let p = 4 - z. What are the prime factors of p?
13, 17
Suppose -3*r - 2*h + 18 = 0, -3*r + 0*h - 4*h = -18. List the prime factors of r/27 + (-1425)/(-27).
53
Suppose -11*s = 55 + 110. What are the prime factors of (0 + s)*126/(-15)?
2, 3, 7
Let u = -2662 - -6325. List the prime factors of u.
3, 11, 37
Let s(g) = -g**3 + 7*g**2 - 4*g - 3. Let m = 13 + -13. Let c be (-26)/13 - (-7 - m). List the prime factors of s(c).
3
What are the prime factors of 80*(104/16 - -1)?
2, 3, 5
Suppose 3*a - 496 = -c, 5*a - 4*c - 103 = 701. List the prime factors of ((-4)/(-4))/(4/a).
41
Let m = 81 - 47. Let s = m + -34. Suppose -5*a + 36 + 49 = s. List the prime factors of a.
17
Suppose 0 = -10*m + 8*m + 88. Suppose -3*p + 4*z = -m, -26 - 30 = -4*p + 4*z. List the prime factors of p.
2, 3
Let b be (-470)/(-16)*2 - 7/(-28). Suppose b - 204 = -5*q. List the prime factors of q.
29
Let y = 4 + -9. Let f(p) = -20*p - 3. Let d be f(y). What are the prime factors of (-2)/8 - d/(-4)?
2, 3
Suppose 6*k + 123 = 5091. List the prime factors of k.
2, 3, 23
Let j = -4047 - -5708. What are the prime factors of j?
11, 151
Let g be (-1)/(-3)*(4 + 5). Suppose g*j - 10 = j. Suppose -j*n = -0*n - 240. What are the prime factors of n?
2, 3
Suppose 91*w - 88*w - 2379 = 0. What are the prime factors of w?
13, 61
Suppose -181 = -n + 5*v, 4*n + 5*v - 542 - 57 = 0. Suppose 2*x = -4*k + 182 + 26, 3*x - n = -3*k. List the prime factors of k.
2, 13
Let r = 9 - -13. Let z = 15 - r. Let w = 27 + z. List the prime factors of w.
2, 5
Let g(n) be the first derivative of 4 + 6*n - 1/2*n**2. List the prime factors of g(-5).
11
Let x be 2/12 + (-1671)/(-18). Let u = x + -53. List the prime factors of u.
2, 5
Let d = 164 - 159. Suppose 2*m - 72 = -m - d*j, j = -5*m + 98. List the prime factors of m.
19
Suppose -375*r + 392*r = 34187. List the prime factors of r.
2011
Let j be 7 + -4 - (-3 + 3). Suppose -2*s + 4*i + 23 = -35, j*s + 4*i = 137. List the prime factors of s.
3, 13
Let m be ((-28)/(-6) - 5)*201. Let o = 123 + m. List the prime factors of o.
2, 7
Suppose 2*c + 9*z - 762 = 5*z, 4*z + 375 = c. List the prime factors of c.
379
Let t(i) = 71*i + 49. What are the prime factors of t(21)?
2, 5, 7, 11
List the prime factors of (-9 - -2 - -5)*8*-6.
2, 3
Let d be 0/((-1)/((-1)/(-1))). Suppose -4*m - 346 + 82 = d. Let b = 93 + m. What are the prime factors of b?
3
Let s(z) = -2*z**2 - 19*z - 18. Let y be s(-8). Let b(q) = -q**2 - 2*q + 5 + 9*q + 0*q**2. List the prime factors of b(y).
11
Let n be (35 - 2/2) + 3. Let i = 69 - n. Let v = 0 + i. What are the prime factors of v?
2
Suppose -3*y + 68 = 4*k - 509, -3*y + 545 = -4*k. What are the prime factors of y?
11, 17
Suppose 0 = 2*f + 6, -2*l - 3*f = l + 9. Suppose -2*y + 2 + 4 = l. Let k(p) = p**3 - 3*p**2 + 2*p - 1. What are the prime factors of k(y)?
5
List the prime factors of (2*45/40)/((-9)/(-12696)).
2, 3, 23
List the prime factors of (8374/(-12))/((-2)/12).
53, 79
Suppose 4*p - 1928 = 2*p. What are the prime factors of p?
2, 241
Let h(u) = 3*u**2 + 17*u + 14. List the prime factors of h(-21).
2, 5, 7
Suppose 13*s - 22977 = 28269. What are the prime factors of s?
2, 3, 73
Let t = -54 + 117. Let l(g) = -g**2 - 7*g + 7. Let b be l(-5). Let f = t - b. What are the prime factors of f?
2, 23
Let w(t) = t**3 - t**2 - 8*t - 3. Let f be w(-6). Let b = 304 + f. List the prime factors of b.
97
Let j(b) = b**3 + 3*b**2 - 6*b - 5. Let i be j(-4). Suppose 0*p = i*p - 33. Let k(x) = x + 10. What are the prime factors of k(p)?
3, 7
List the prime factors of (20493/54)/((-3)/(-4)).
2, 11, 23
Let g(t) = -9 - 13 + 0*t**2 + 15*t - t**2. List the prime factors of g(13).
2
Let k = -116 + 490. List the prime factors of k.
2, 11, 17
Let q(k) = k**3 - 8*k**2 - 1. Let c(h) = -h - 1. Let d(l) = -5*c(l) + q(l). Let t be d(7). Let x = t + 36. What are the prime factors of x?
2, 13
Let q be -2 + (-3 - -6) - 1*10. Let y = 47 - q. List the prime factors of y.
2, 7
Suppose 0 = 10*m - 5944 + 1104. List the prime factors of m.
2, 11
Suppose 0*u + 4*c + 11 = 5*u, -5*c + 5 = 0. Suppose 2*t - 336 = 4*p, -7*t + u*t - p = -699. List the prime factors of t.
2, 3, 29
Suppose 7*r - 2*r + o = 24, -3*o - 4 = -4*r. Let d(n) = -n**3 + 5*n**2 + n + 1. List the prime factors of d(r).
3, 7
Let k(j) = -j**3 - 10*j**2 - j - 58. List the prime factors of k(-13).
2, 3, 7, 11
List the prime factors of (20 + -6)/(-7) + 99.
97
Suppose 2 = 4*a - p + 1, -17 = -5*a - 4*p. List the prime factors of a + (-4)/5 - (-970)/25.
3, 13
What are the prime factors of (-147 + 5 + -7)/(-1)?
149
Let i be 3/((45/(-25))/(-3)). Suppose 3*j - i*k = -85, 6*k - 3*k = -5*j - 85. Let y = j - -30. What are the prime factors of y?
2,